{"id":2546,"date":"2025-04-10T14:41:01","date_gmt":"2025-04-10T12:41:01","guid":{"rendered":"https:\/\/cultura.arqtgn.cat\/projecte-acropolis\/"},"modified":"2025-04-10T15:54:53","modified_gmt":"2025-04-10T13:54:53","slug":"projecte-acropolis","status":"publish","type":"page","link":"https:\/\/cultura.arqtgn.cat\/es\/projecte-acropolis\/","title":{"rendered":"Proyecto Acr\u00f3polis"},"content":{"rendered":"<p>[et_pb_section fb_built=\u00bb1&#8243; fullwidth=\u00bbon\u00bb next_background_color=\u00bb#ffffff\u00bb _builder_version=\u00bb4.27.4&#8243; _module_preset=\u00bbdefault\u00bb background_color=\u00bb#FFFFFF\u00bb background_image=\u00bbhttps:\/\/cultura.arqtgn.cat\/wp-content\/uploads\/sites\/121\/2025\/04\/acropolis.jpg\u00bb bottom_divider_style=\u00bbarrow3&#8243; global_colors_info=\u00bb{}\u00bb][et_pb_fullwidth_header title=\u00bbProyecto Acr\u00f3polis\u00bb _builder_version=\u00bb4.27.4&#8243; _module_preset=\u00bbdefault\u00bb title_font=\u00bb|800|||||||\u00bb title_text_align=\u00bbcenter\u00bb title_text_color=\u00bb#FFFFFF\u00bb title_font_size=\u00bb43px\u00bb background_enable_color=\u00bboff\u00bb custom_padding=\u00bb||114px|||\u00bb global_colors_info=\u00bb{}\u00bb][\/et_pb_fullwidth_header][\/et_pb_section][et_pb_section fb_built=\u00bb1&#8243; _builder_version=\u00bb4.21.0&#8243; _module_preset=\u00bbdefault\u00bb global_colors_info=\u00bb{}\u00bb][et_pb_row column_structure=\u00bb3_4,1_4&#8243; _builder_version=\u00bb4.21.0&#8243; _module_preset=\u00bbdefault\u00bb global_colors_info=\u00bb{}\u00bb][et_pb_column type=\u00bb3_4&#8243; _builder_version=\u00bb4.21.0&#8243; _module_preset=\u00bbdefault\u00bb global_colors_info=\u00bb{}\u00bb][et_pb_text _builder_version=\u00bb4.27.4&#8243; _module_preset=\u00bbdefault\u00bb global_colors_info=\u00bb{}\u00bb]<\/p>\n<p>El objetivo del proyecto es crear un itinerario cultural y tur\u00edstico que permita a los visitantes hacer un recorrido de 2.000 a\u00f1os de historia por la acr\u00f3polis de Tarragona. Este itinerario ser\u00e1 posible dotando de relato y equipamientos necesarios en los espacios de la Catedral, del edificio historicista del Seminario de Tarragona y la hist\u00f3rica Casa de los Concilios.<\/p>\n<p>&nbsp;<\/p>\n<p>[\/et_pb_text][et_pb_blog fullwidth=\u00bboff\u00bb include_categories=\u00bb29&#8243; excerpt_length=\u00bb120&#8243; show_author=\u00bboff\u00bb _builder_version=\u00bb4.27.4&#8243; _module_preset=\u00bbdefault\u00bb meta_font_size=\u00bb12px\u00bb hover_enabled=\u00bb0&#8243; global_colors_info=\u00bb{}\u00bb custom_margin=\u00bb||||false|false\u00bb custom_padding=\u00bb43px||||false|false\u00bb sticky_enabled=\u00bb0&#8243;][\/et_pb_blog][\/et_pb_column][et_pb_column type=\u00bb1_4&#8243; _builder_version=\u00bb4.21.0&#8243; _module_preset=\u00bbdefault\u00bb global_colors_info=\u00bb{}\u00bb][et_pb_image src=\u00bbhttps:\/\/cultura.arqtgn.cat\/wp-content\/uploads\/sites\/121\/2025\/04\/PROYECTO-ACROPOLIS-MDT-1.jpg\u00bb title_text=\u00bbPROYECTO ACROPOLIS MDT-1&#8243; url=\u00bb@ET-DC@eyJkeW5hbWljIjp0cnVlLCJjb250ZW50IjoicG9zdF9saW5rX3VybF9hdHRhY2htZW50Iiwic2V0dGluZ3MiOnsicG9zdF9pZCI6IjI1NjEifX0=@\u00bb _builder_version=\u00bb4.27.4&#8243; _dynamic_attributes=\u00bburl\u00bb _module_preset=\u00bbdefault\u00bb hover_enabled=\u00bb0&#8243; global_colors_info=\u00bb{}\u00bb url_new_window=\u00bbon\u00bb sticky_enabled=\u00bb0&#8243;][\/et_pb_image][et_pb_button button_text=\u00bbDossier del proyecto\u00bb _builder_version=\u00bb4.27.4&#8243; _module_preset=\u00bbdefault\u00bb button_url=\u00bb@ET-DC@eyJkeW5hbWljIjp0cnVlLCJjb250ZW50IjoicG9zdF9saW5rX3VybF9hdHRhY2htZW50Iiwic2V0dGluZ3MiOnsicG9zdF9pZCI6IjI1NjEifX0=@\u00bb _dynamic_attributes=\u00bbbutton_url\u00bb custom_button=\u00bbon\u00bb button_text_size=\u00bb15px\u00bb button_text_color=\u00bb#890e20&#8243; button_alignment=\u00bbcenter\u00bb url_new_window=\u00bbon\u00bb hover_enabled=\u00bb0&#8243; sticky_enabled=\u00bb0&#8243;][\/et_pb_button][\/et_pb_column][\/et_pb_row][\/et_pb_section]<\/p>\n","protected":false},"excerpt":{"rendered":"<p>El objetivo del proyecto es crear un itinerario cultural y tur\u00edstico que permita a los visitantes hacer un recorrido de 2.000 a\u00f1os de historia por la acr\u00f3polis de Tarragona. Este [&hellip;]<\/p>\n","protected":false},"author":59,"featured_media":0,"parent":0,"menu_order":0,"comment_status":"closed","ping_status":"closed","template":"","meta":{"_et_pb_use_builder":"on","_et_pb_old_content":"","_et_gb_content_width":"","footnotes":""},"class_list":["post-2546","page","type-page","status-publish","hentry"],"amp_enabled":true,"_links":{"self":[{"href":"https:\/\/cultura.arqtgn.cat\/es\/wp-json\/wp\/v2\/pages\/2546","targetHints":{"allow":["GET"]}}],"collection":[{"href":"https:\/\/cultura.arqtgn.cat\/es\/wp-json\/wp\/v2\/pages"}],"about":[{"href":"https:\/\/cultura.arqtgn.cat\/es\/wp-json\/wp\/v2\/types\/page"}],"author":[{"embeddable":true,"href":"https:\/\/cultura.arqtgn.cat\/es\/wp-json\/wp\/v2\/users\/59"}],"replies":[{"embeddable":true,"href":"https:\/\/cultura.arqtgn.cat\/es\/wp-json\/wp\/v2\/comments?post=2546"}],"version-history":[{"count":9,"href":"https:\/\/cultura.arqtgn.cat\/es\/wp-json\/wp\/v2\/pages\/2546\/revisions"}],"predecessor-version":[{"id":2566,"href":"https:\/\/cultura.arqtgn.cat\/es\/wp-json\/wp\/v2\/pages\/2546\/revisions\/2566"}],"wp:attachment":[{"href":"https:\/\/cultura.arqtgn.cat\/es\/wp-json\/wp\/v2\/media?parent=2546"}],"curies":[{"name":"wp","href":"https:\/\/api.w.org\/{rel}","templated":true}]}}

Proyecto Acrópolis

<p>[et_pb_section fb_built=»1&#8243; fullwidth=»on» next_background_color=»#ffffff» _builder_version=»4.27.4&#8243; _module_preset=»default» background_color=»#FFFFFF» background_image=»https://cultura.arqtgn.cat/wp-content/uploads/sites/121/2025/04/acropolis.jpg» bottom_divider_style=»arrow3&#8243; global_colors_info=»{}»][et_pb_fullwidth_header title=»Proyecto Acrópolis» _builder_version=»4.27.4&#8243; _module_preset=»default» title_font=»|800|||||||» title_text_align=»center» title_text_color=»#FFFFFF» title_font_size=»43px» background_enable_color=»off» custom_padding=»||114px|||» global_colors_info=»{}»][/et_pb_fullwidth_header][/et_pb_section][et_pb_section fb_built=»1&#8243; _builder_version=»4.21.0&#8243; _module_preset=»default» global_colors_info=»{}»][et_pb_row column_structure=»3_4,1_4&#8243; _builder_version=»4.21.0&#8243; _module_preset=»default» global_colors_info=»{}»][et_pb_column type=»3_4&#8243; _builder_version=»4.21.0&#8243; _module_preset=»default» global_colors_info=»{}»][et_pb_text _builder_version=»4.27.4&#8243; _module_preset=»default» global_colors_info=»{}»]</p>
<p>El objetivo del proyecto es crear un itinerario cultural y turístico que permita a los visitantes hacer un recorrido de 2.000 años de historia por la acrópolis de Tarragona. Este itinerario será posible dotando de relato y equipamientos necesarios en los espacios de la Catedral, del edificio historicista del Seminario de Tarragona y la histórica Casa de los Concilios.</p>
<p>&nbsp;</p>
<p>[/et_pb_text][et_pb_blog fullwidth=»off» include_categories=»29&#8243; excerpt_length=»120&#8243; show_author=»off» _builder_version=»4.27.4&#8243; _module_preset=»default» meta_font_size=»12px» hover_enabled=»0&#8243; global_colors_info=»{}» custom_margin=»||||false|false» custom_padding=»43px||||false|false» sticky_enabled=»0&#8243;][/et_pb_blog][/et_pb_column][et_pb_column type=»1_4&#8243; _builder_version=»4.21.0&#8243; _module_preset=»default» global_colors_info=»{}»][et_pb_image src=»https://cultura.arqtgn.cat/wp-content/uploads/sites/121/2025/04/PROYECTO-ACROPOLIS-MDT-1.jpg» title_text=»PROYECTO ACROPOLIS MDT-1&#8243; url=»@ET-DC@eyJkeW5hbWljIjp0cnVlLCJjb250ZW50IjoicG9zdF9saW5rX3VybF9hdHRhY2htZW50Iiwic2V0dGluZ3MiOnsicG9zdF9pZCI6IjI1NjEifX0=@» _builder_version=»4.27.4&#8243; _dynamic_attributes=»url» _module_preset=»default» hover_enabled=»0&#8243; global_colors_info=»{}» url_new_window=»on» sticky_enabled=»0&#8243;][/et_pb_image][et_pb_button button_text=»Dossier del proyecto» _builder_version=»4.27.4&#8243; _module_preset=»default» button_url=»@ET-DC@eyJkeW5hbWljIjp0cnVlLCJjb250ZW50IjoicG9zdF9saW5rX3VybF9hdHRhY2htZW50Iiwic2V0dGluZ3MiOnsicG9zdF9pZCI6IjI1NjEifX0=@» _dynamic_attributes=»button_url» custom_button=»on» button_text_size=»15px» button_text_color=»#890e20&#8243; button_alignment=»center» url_new_window=»on» hover_enabled=»0&#8243; sticky_enabled=»0&#8243;][/et_pb_button][/et_pb_column][/et_pb_row][/et_pb_section]</p>

<p>El objetivo del proyecto es crear un itinerario cultural y turístico que permita a los visitantes hacer un recorrido de 2.000 años de historia por la acrópolis de Tarragona. Este [&hellip;]</p>
