{"id":2006,"date":"2025-02-20T12:20:20","date_gmt":"2025-02-20T11:20:20","guid":{"rendered":"https:\/\/cultura.arqtgn.cat\/events\/projeccio-de-la-pellicula-la-passio-de-sant-fructuos-a-laula-magna-del-seminari-casa-de-cultura\/"},"modified":"2025-02-20T12:23:28","modified_gmt":"2025-02-20T11:23:28","slug":"projeccio-de-la-pellicula-la-passio-de-sant-fructuos-a-laula-magna-del-seminari-casa-de-cultura","status":"publish","type":"tribe_events","link":"https:\/\/cultura.arqtgn.cat\/es\/events\/projeccio-de-la-pellicula-la-passio-de-sant-fructuos-a-laula-magna-del-seminari-casa-de-cultura\/","title":{"rendered":"Proyecci\u00f3n de la pelicula \u201cLa Passi\u00f3 de Sant Fructu\u00f3s\u201d en el Aula Magna del Seminari. Casa de Cultura"},"content":{"rendered":"<p>[et_pb_section fb_built=\u00bb1&#8243; _builder_version=\u00bb4.23.1&#8243; _module_preset=\u00bbdefault\u00bb global_colors_info=\u00bb{}\u00bb][et_pb_row column_structure=\u00bb2_5,3_5&#8243; _builder_version=\u00bb4.23.1&#8243; _module_preset=\u00bbdefault\u00bb global_colors_info=\u00bb{}\u00bb][et_pb_column type=\u00bb2_5&#8243; _builder_version=\u00bb4.23.1&#8243; _module_preset=\u00bbdefault\u00bb global_colors_info=\u00bb{}\u00bb][et_pb_image src=\u00bbhttps:\/\/cultura.arqtgn.cat\/wp-content\/uploads\/sites\/121\/2025\/02\/13-de-marc-Sant-Fructuos.jpg\u00bb title_text=\u00bb13 de mar\u00e7 Sant Fructu\u00f3s\u00bb _builder_version=\u00bb4.27.4&#8243; _module_preset=\u00bbdefault\u00bb global_colors_info=\u00bb{}\u00bb][\/et_pb_image][\/et_pb_column][et_pb_column type=\u00bb3_5&#8243; _builder_version=\u00bb4.23.1&#8243; _module_preset=\u00bbdefault\u00bb global_colors_info=\u00bb{}\u00bb][et_pb_text _builder_version=\u00bb4.27.4&#8243; _module_preset=\u00bbdefault\u00bb hover_enabled=\u00bb0&#8243; global_colors_info=\u00bb{}\u00bb sticky_enabled=\u00bb0&#8243;]<\/p>\n<p>\u200bLa Associaci\u00f3 Cultural Sant Fructu\u00f3s y la Delegaci\u00f3 Diocesana per a la Cultura organizan el pr\u00f3ximo 13 de marzo una proyecci\u00f3n y conferencia de la pel\u00edcula \u201cLa Passi\u00f3 de Sant Fructuoso\u201d, estrenada el pasado 19 de enero.\u00a0 La conferencia ir\u00e1 a cargo de Andreu Mu\u00f1oz Melgar.<\/p>\n<p>La proyecci\u00f3n y conferencia tendr\u00e1 lugar a las 19 h en el Aula Magna del Seminario.<\/p>\n<p>La entrada ser\u00e1 gratuita con inscripci\u00f3n previa en el correo electr\u00f3nico <a href=\"mailto:museo.biblic@arqtgn.cat\">museo.biblic@arqtgn.cat<\/a> o en el tel\u00e9fono 977 251 888<\/p>\n<p>D\u00cdA: 13 de marzo<\/p>\n<p>HORA: 19 h.<\/p>\n<p>LUGAR: Aula Magna del Seminari. Casa de la Cultura<\/p>\n<p>[\/et_pb_text][\/et_pb_column][\/et_pb_row][\/et_pb_section]<\/p>\n","protected":false},"excerpt":{"rendered":"<p>\u200bLa Associaci\u00f3 Cultural Sant Fructu\u00f3s y la Delegaci\u00f3 Diocesana per a la Cultura organizan el pr\u00f3ximo 13 de marzo una proyecci\u00f3n y conferencia de la pel\u00edcula \u201cLa Passi\u00f3 de Sant [&hellip;]<\/p>\n","protected":false},"author":101,"featured_media":0,"template":"","meta":{"_et_pb_use_builder":"on","_et_pb_old_content":"","_et_gb_content_width":"","_tribe_events_status":"","_tribe_events_status_reason":"","footnotes":""},"tags":[],"tribe_events_cat":[],"class_list":["post-2006","tribe_events","type-tribe_events","status-publish","hentry"],"_links":{"self":[{"href":"https:\/\/cultura.arqtgn.cat\/es\/wp-json\/wp\/v2\/tribe_events\/2006","targetHints":{"allow":["GET"]}}],"collection":[{"href":"https:\/\/cultura.arqtgn.cat\/es\/wp-json\/wp\/v2\/tribe_events"}],"about":[{"href":"https:\/\/cultura.arqtgn.cat\/es\/wp-json\/wp\/v2\/types\/tribe_events"}],"author":[{"embeddable":true,"href":"https:\/\/cultura.arqtgn.cat\/es\/wp-json\/wp\/v2\/users\/101"}],"version-history":[{"count":3,"href":"https:\/\/cultura.arqtgn.cat\/es\/wp-json\/wp\/v2\/tribe_events\/2006\/revisions"}],"predecessor-version":[{"id":2010,"href":"https:\/\/cultura.arqtgn.cat\/es\/wp-json\/wp\/v2\/tribe_events\/2006\/revisions\/2010"}],"wp:attachment":[{"href":"https:\/\/cultura.arqtgn.cat\/es\/wp-json\/wp\/v2\/media?parent=2006"}],"wp:term":[{"taxonomy":"post_tag","embeddable":true,"href":"https:\/\/cultura.arqtgn.cat\/es\/wp-json\/wp\/v2\/tags?post=2006"},{"taxonomy":"tribe_events_cat","embeddable":true,"href":"https:\/\/cultura.arqtgn.cat\/es\/wp-json\/wp\/v2\/tribe_events_cat?post=2006"}],"curies":[{"name":"wp","href":"https:\/\/api.w.org\/{rel}","templated":true}]}}

Proyección de la pelicula “La Passió de Sant Fructuós” en el Aula Magna del Seminari. Casa de Cultura

<p>[et_pb_section fb_built=»1&#8243; _builder_version=»4.23.1&#8243; _module_preset=»default» global_colors_info=»{}»][et_pb_row column_structure=»2_5,3_5&#8243; _builder_version=»4.23.1&#8243; _module_preset=»default» global_colors_info=»{}»][et_pb_column type=»2_5&#8243; _builder_version=»4.23.1&#8243; _module_preset=»default» global_colors_info=»{}»][et_pb_image src=»https://cultura.arqtgn.cat/wp-content/uploads/sites/121/2025/02/13-de-marc-Sant-Fructuos.jpg» title_text=»13 de març Sant Fructuós» _builder_version=»4.27.4&#8243; _module_preset=»default» global_colors_info=»{}»][/et_pb_image][/et_pb_column][et_pb_column type=»3_5&#8243; _builder_version=»4.23.1&#8243; _module_preset=»default» global_colors_info=»{}»][et_pb_text _builder_version=»4.27.4&#8243; _module_preset=»default» hover_enabled=»0&#8243; global_colors_info=»{}» sticky_enabled=»0&#8243;]</p>
<p>​La Associació Cultural Sant Fructuós y la Delegació Diocesana per a la Cultura organizan el próximo 13 de marzo una proyección y conferencia de la película “La Passió de Sant Fructuoso”, estrenada el pasado 19 de enero.  La conferencia irá a cargo de Andreu Muñoz Melgar.</p>
<p>La proyección y conferencia tendrá lugar a las 19 h en el Aula Magna del Seminario.</p>
<p>La entrada será gratuita con inscripción previa en el correo electrónico <a href="mailto:museo.biblic@arqtgn.cat">museo.biblic@arqtgn.cat</a> o en el teléfono 977 251 888</p>
<p>DÍA: 13 de marzo</p>
<p>HORA: 19 h.</p>
<p>LUGAR: Aula Magna del Seminari. Casa de la Cultura</p>
<p>[/et_pb_text][/et_pb_column][/et_pb_row][/et_pb_section]</p>

<p>​La Associació Cultural Sant Fructuós y la Delegació Diocesana per a la Cultura organizan el próximo 13 de marzo una proyección y conferencia de la película “La Passió de Sant [&hellip;]</p>
