{"id":2200,"date":"2025-03-26T16:31:55","date_gmt":"2025-03-26T15:31:55","guid":{"rendered":"https:\/\/cultura.arqtgn.cat\/events\/visita-guiada-a-la-biblioteca-del-seminari-de-tarragona-2\/"},"modified":"2025-03-26T16:38:55","modified_gmt":"2025-03-26T15:38:55","slug":"visita-guiada-a-la-biblioteca-del-seminari-de-tarragona-2","status":"publish","type":"tribe_events","link":"https:\/\/cultura.arqtgn.cat\/es\/events\/visita-guiada-a-la-biblioteca-del-seminari-de-tarragona-2\/","title":{"rendered":"Visita guiada a la Biblioteca del Seminari de Tarragona"},"content":{"rendered":"<p>[et_pb_section fb_built=\u00bb1&#8243; _builder_version=\u00bb4.23.1&#8243; _module_preset=\u00bbdefault\u00bb global_colors_info=\u00bb{}\u00bb][et_pb_row column_structure=\u00bb2_5,3_5&#8243; _builder_version=\u00bb4.23.1&#8243; _module_preset=\u00bbdefault\u00bb global_colors_info=\u00bb{}\u00bb][et_pb_column type=\u00bb2_5&#8243; _builder_version=\u00bb4.23.1&#8243; _module_preset=\u00bbdefault\u00bb global_colors_info=\u00bb{}\u00bb][et_pb_image src=\u00bbhttps:\/\/cultura.arqtgn.cat\/wp-content\/uploads\/sites\/121\/2025\/03\/bibliot-scaled.gif\u00bb title_text=\u00bbbibliot\u00bb _builder_version=\u00bb4.27.4&#8243; _module_preset=\u00bbdefault\u00bb global_colors_info=\u00bb{}\u00bb][\/et_pb_image][\/et_pb_column][et_pb_column type=\u00bb3_5&#8243; _builder_version=\u00bb4.23.1&#8243; _module_preset=\u00bbdefault\u00bb global_colors_info=\u00bb{}\u00bb][et_pb_text _builder_version=\u00bb4.27.4&#8243; _module_preset=\u00bbdefault\u00bb hover_enabled=\u00bb0&#8243; global_colors_info=\u00bb{}\u00bb sticky_enabled=\u00bb0&#8243;]<\/p>\n<p>\u200bLa Biblioteca del Seminario organiza dos visitas guiadas por el d\u00eda de Sant Jordi el mi\u00e9rcoles, 23 de abril de 2025. Ir\u00e1n a cargo de M\u00f2nica Pineda, t\u00e9cnica bibliotecaria, que ofrecer\u00e1 un recorrido por las salas de consulta y la biblioteca antigua, y mostrar\u00e1 a los asistentes algunas joyas bibliogr\u00e1ficas que la biblioteca conserva.<\/p>\n<p>Las inscripciones son gratuitas y se pueden realizar a trav\u00e9s del correo electr\u00f3nico\u00a0<a href=\"mailto:biblioteca.seminari@arqtgn.cat\">biblioteca.seminari@arqtgn.cat<\/a>. Las plazas son limitadas (15 personas por grupo) y se realizar\u00e1n dos visitas guiadas de aproximadamente 45 minutos: la primera a las 11:00 de la ma\u00f1ana y la segunda a las 18:00 de la tarde. La fecha l\u00edmite para realizar la inscripci\u00f3n es el 21 de abril.<\/p>\n<p><strong>Lugar:<\/strong>\u00a0Biblioteca del Seminario Pontificio de Tarragona. El Seminario, calle de Sant Pau, 4, 43003, Tarragona.<br \/><strong>Hora:<\/strong>\u00a0Ma\u00f1ana: 11:00h; tarde: 18:00 h.<br \/><strong>Duraci\u00f3n:<\/strong> Entre 45 minutos y 1 hora.<br \/><strong>Aforo:<\/strong> 15 personas por grupo.<br \/><strong>Organiza:<\/strong> Biblioteca del Seminario de Tarragona<\/p>\n<p><strong>Inscripciones:<\/strong> Por correo electr\u00f3nico a <a href=\"mailto:biblioteca.seminari@arqtgn.cat\">biblioteca.seminari@arqtgn.cat<\/a> especificando el n\u00famero de personas interesadas (m\u00e1ximo 4 personas por cada inscripci\u00f3n) y el turno (de ma\u00f1ana, o de tarde). Fecha l\u00edmite para realizar la inscripci\u00f3n: 21 de abril de 2025.<\/p>\n<p>[\/et_pb_text][\/et_pb_column][\/et_pb_row][\/et_pb_section]<\/p>\n","protected":false},"excerpt":{"rendered":"<p>\u200bLa Biblioteca del Seminario organiza dos visitas guiadas por el d\u00eda de Sant Jordi el mi\u00e9rcoles, 23 de abril de 2025. Ir\u00e1n a cargo de M\u00f2nica Pineda, t\u00e9cnica bibliotecaria, que [&hellip;]<\/p>\n","protected":false},"author":101,"featured_media":0,"template":"","meta":{"_et_pb_use_builder":"on","_et_pb_old_content":"","_et_gb_content_width":"","_tribe_events_status":"","_tribe_events_status_reason":"","footnotes":""},"tags":[],"tribe_events_cat":[],"class_list":["post-2200","tribe_events","type-tribe_events","status-publish","hentry"],"_links":{"self":[{"href":"https:\/\/cultura.arqtgn.cat\/es\/wp-json\/wp\/v2\/tribe_events\/2200","targetHints":{"allow":["GET"]}}],"collection":[{"href":"https:\/\/cultura.arqtgn.cat\/es\/wp-json\/wp\/v2\/tribe_events"}],"about":[{"href":"https:\/\/cultura.arqtgn.cat\/es\/wp-json\/wp\/v2\/types\/tribe_events"}],"author":[{"embeddable":true,"href":"https:\/\/cultura.arqtgn.cat\/es\/wp-json\/wp\/v2\/users\/101"}],"version-history":[{"count":2,"href":"https:\/\/cultura.arqtgn.cat\/es\/wp-json\/wp\/v2\/tribe_events\/2200\/revisions"}],"predecessor-version":[{"id":2203,"href":"https:\/\/cultura.arqtgn.cat\/es\/wp-json\/wp\/v2\/tribe_events\/2200\/revisions\/2203"}],"wp:attachment":[{"href":"https:\/\/cultura.arqtgn.cat\/es\/wp-json\/wp\/v2\/media?parent=2200"}],"wp:term":[{"taxonomy":"post_tag","embeddable":true,"href":"https:\/\/cultura.arqtgn.cat\/es\/wp-json\/wp\/v2\/tags?post=2200"},{"taxonomy":"tribe_events_cat","embeddable":true,"href":"https:\/\/cultura.arqtgn.cat\/es\/wp-json\/wp\/v2\/tribe_events_cat?post=2200"}],"curies":[{"name":"wp","href":"https:\/\/api.w.org\/{rel}","templated":true}]}}

<p>[et_pb_section fb_built=»1&#8243; _builder_version=»4.23.1&#8243; _module_preset=»default» global_colors_info=»{}»][et_pb_row column_structure=»2_5,3_5&#8243; _builder_version=»4.23.1&#8243; _module_preset=»default» global_colors_info=»{}»][et_pb_column type=»2_5&#8243; _builder_version=»4.23.1&#8243; _module_preset=»default» global_colors_info=»{}»][et_pb_image src=»https://cultura.arqtgn.cat/wp-content/uploads/sites/121/2025/03/bibliot-scaled.gif» title_text=»bibliot» _builder_version=»4.27.4&#8243; _module_preset=»default» global_colors_info=»{}»][/et_pb_image][/et_pb_column][et_pb_column type=»3_5&#8243; _builder_version=»4.23.1&#8243; _module_preset=»default» global_colors_info=»{}»][et_pb_text _builder_version=»4.27.4&#8243; _module_preset=»default» hover_enabled=»0&#8243; global_colors_info=»{}» sticky_enabled=»0&#8243;]</p>
<p>​La Biblioteca del Seminario organiza dos visitas guiadas por el día de Sant Jordi el miércoles, 23 de abril de 2025. Irán a cargo de Mònica Pineda, técnica bibliotecaria, que ofrecerá un recorrido por las salas de consulta y la biblioteca antigua, y mostrará a los asistentes algunas joyas bibliográficas que la biblioteca conserva.</p>
<p>Las inscripciones son gratuitas y se pueden realizar a través del correo electrónico <a href="mailto:biblioteca.seminari@arqtgn.cat">biblioteca.seminari@arqtgn.cat</a>. Las plazas son limitadas (15 personas por grupo) y se realizarán dos visitas guiadas de aproximadamente 45 minutos: la primera a las 11:00 de la mañana y la segunda a las 18:00 de la tarde. La fecha límite para realizar la inscripción es el 21 de abril.</p>
<p><strong>Lugar:</strong> Biblioteca del Seminario Pontificio de Tarragona. El Seminario, calle de Sant Pau, 4, 43003, Tarragona.<br /><strong>Hora:</strong> Mañana: 11:00h; tarde: 18:00 h.<br /><strong>Duración:</strong> Entre 45 minutos y 1 hora.<br /><strong>Aforo:</strong> 15 personas por grupo.<br /><strong>Organiza:</strong> Biblioteca del Seminario de Tarragona</p>
<p><strong>Inscripciones:</strong> Por correo electrónico a <a href="mailto:biblioteca.seminari@arqtgn.cat">biblioteca.seminari@arqtgn.cat</a> especificando el número de personas interesadas (máximo 4 personas por cada inscripción) y el turno (de mañana, o de tarde). Fecha límite para realizar la inscripción: 21 de abril de 2025.</p>
<p>[/et_pb_text][/et_pb_column][/et_pb_row][/et_pb_section]</p>

<p>​La Biblioteca del Seminario organiza dos visitas guiadas por el día de Sant Jordi el miércoles, 23 de abril de 2025. Irán a cargo de Mònica Pineda, técnica bibliotecaria, que [&hellip;]</p>
